2146971
What are the prime factors of 92788615?
5, 241, 77003
What are the prime factors of 28320961?
43, 751, 877
What are the prime factors of 463733843?
23, 131, 153911
List the prime factors of 1600263349.
653, 2450633
What are the prime factors of 310470441?
3, 37, 2797031
List the prime factors of 157826302.
2, 41, 677, 2843
List the prime factors of 8831055477.
3, 41, 157, 457307
What are the prime factors of 70212473?
101, 313, 2221
What are the prime factors of 113721247?
47, 2419601
List the prime factors of 1702685985.
3, 5, 7, 11, 13, 61
List the prime factors of 502395073.
502395073
List the prime factors of 186354196.
2, 7, 107, 62201
List the prime factors of 1756874345.
5, 191, 1839659
List the prime factors of 85311080.
2, 5, 2132777
What are the prime factors of 338979066?
2, 3, 5009, 11279
What are the prime factors of 921314271?
3, 4001, 76757
List the prime factors of 2627231070.
2, 3, 5, 521, 168089
List the prime factors of 426675368.
2, 7, 557, 13679
What are the prime factors of 90921245?
5, 1871, 9719
What are the prime factors of 51442205?
5, 47, 457, 479
What are the prime factors of 488237101?
11, 44385191
List the prime factors of 7023026300.
2, 5, 70230263
What are the prime factors of 1582151491?
1582151491
What are the prime factors of 80211683?
109, 761, 967
What are the prime factors of 226875820?
2, 5, 1759, 6449
What are the prime factors of 305285600?
2, 5, 381607
List the prime factors of 7763356350.
2, 3, 5, 31, 556513
What are the prime factors of 10843085?
5, 11, 197147
List the prime factors of 2416617623.
7, 73, 89, 7591
What are the prime factors of 134726?
2, 31, 41, 53
List the prime factors of 46714157.
7, 29, 359, 641
What are the prime factors of 13965799?
13965799
What are the prime factors of 1854132209?
1613, 1149493
List the prime factors of 37394523.
3, 4154947
What are the prime factors of 1747770664?
2, 1249, 174917
What are the prime factors of 267578296?
2, 751, 44537
List the prime factors of 522751883.
19, 29, 61, 103, 151
List the prime factors of 72889611.
3, 191, 127207
What are the prime factors of 3221674134?
2, 3, 7, 229, 334963
What are the prime factors of 1065175302?
2, 3, 19, 9343643
List the prime factors of 26442556.
2, 7, 19273
What are the prime factors of 66179506?
2, 1319, 25087
What are the prime factors of 2912262944?
2, 23, 1097, 3607
What are the prime factors of 6730796078?
2, 41, 73, 1124423
List the prime factors of 383760684.
2, 3, 733, 14543
List the prime factors of 48206497.
29, 1662293
What are the prime factors of 6713584371?
3, 13, 307, 62303
List the prime factors of 1659548449.
13, 17, 7509269
List the prime factors of 24659559.
3, 304439
What are the prime factors of 99021311?
17, 89, 65447
What are the prime factors of 2201352216?
2, 3, 7, 13103287
List the prime factors of 899109691.
899109691
List the prime factors of 574979978.
2, 1049, 274061
List the prime factors of 3500342257.
3500342257
List the prime factors of 95796790.
2, 5, 727, 13177
What are the prime factors of 9230336958?
2, 3, 19417, 79229
List the prime factors of 46760870.
2, 5, 13, 223, 1613
What are the prime factors of 1073940861?
3, 7, 3001, 17041
What are the prime factors of 3353455578?
2, 3, 11, 19, 2674207
What are the prime factors of 65887793?
151, 436343
What are the prime factors of 207099112?
2, 11, 2353399
List the prime factors of 994533554.
2, 7, 71038111
List the prime factors of 518212023.
3, 7, 19, 89, 14593
List the prime factors of 502625858.
2, 7, 35901847
List the prime factors of 64175298.
2, 3, 11, 972353
List the prime factors of 250275001.
250275001
List the prime factors of 43918730.
2, 5, 23, 257, 743
List the prime factors of 202932576.
2, 3, 7, 11, 9151
List the prime factors of 17362704.
2, 3, 361723
List the prime factors of 76104846.
2, 3, 103, 4561
What are the prime factors of 103212698?
2, 51606349
What are the prime factors of 657161172?
2, 3, 251, 72727
What are the prime factors of 126973010?
2, 5, 19, 109, 6131
What are the prime factors of 865726440?
2, 3, 5, 23, 313669
What are the prime factors of 111691623?
3, 37230541
List the prime factors of 4816321853.
7, 181, 3801359
What are the prime factors of 587045110?
2, 5, 58704511
What are the prime factors of 8949603769?
1931, 4634699
What are the prime factors of 170251100?
2, 5, 1702511
List the prime factors of 1249927385.
5, 7, 439, 81349
List the prime factors of 25924136.
2, 7, 41, 1613
What are the prime factors of 32942821?
17, 113989
List the prime factors of 89741549.
113, 794173
What are the prime factors of 1062437613?
3, 2347, 150893
List the prime factors of 589495211.
37, 773, 20611
List the prime factors of 837704090.
2, 5, 83770409
List the prime factors of 349288060.
2, 5, 11, 1587673
What are the prime factors of 76511461?
13, 19, 307, 1009
List the prime factors of 3063947090.
2, 5, 306394709
What are the prime factors of 7238301572?
2, 23, 151, 521041
What are the prime factors of 134695696?
2, 8418481
What are the prime factors of 267176151?
3, 11, 299861
What are the prime factors of 1492413179?
1492413179
What are the prime factors of 536339781?
3, 967, 61627
List the prime factors of 135651683.
135651683
List the prime factors of 59769304.
2, 7, 877, 1217
List the prime factors of 998497629.
3, 547, 202823
What are the prime factors of 5611479370?
2, 5, 7, 89, 900719
List the prime factors of 355350979.
179, 229, 8669
List the prime factors of 94131607.
94131607
List the prime factors of 93903557.
11, 31, 383, 719
What are the prime factors of 140114843?
11, 1213, 10501
List the prime factors of 38397823.
37, 641, 1619
What are the prime factors of 532099772?
2, 29, 4587067
List the prime factors of 34274055.
3, 5, 2284937
What are the prime factors of 49474082?
2, 7, 3533863
List the prime factors of 115074255.
3, 5, 37, 207341
What are the prime factors of 853555754?
2, 17, 379, 66239
What are the prime factors of 1470039486?
2, 3, 257, 953333
What are the prime factors of 646355970?
2, 3, 5, 13, 107, 1721
What are the prime factors of 4813662534?
2, 3, 1009, 795121
What are the prime factors of 192093667?
19, 1063, 9511
What are the prime factors of 2221282059?
3, 191, 3876583
List the prime factors of 5301957.
3, 83, 107, 199
What are the prime factors of 67881719?
137, 467, 1061
What are the prime factors of 50141124?
2, 3, 11, 127, 997
List the prime factors of 459371899.
7, 67, 979471
List the prime factors of 979301675.
5, 11, 3561097
What are the prime factors of 22106538?
2, 3, 19, 37, 1747
List the prime factors of 48867325.
5, 13, 53, 2837
List the prime factors of 73202699.
29, 53, 97, 491
List the prime factors of 2160954935.
5, 71, 103, 113, 523
What are the prime factors of 1312001204?
2, 37, 443, 20011
What are the prime factors of 261318881?
3257, 80233
What are the prime factors of 147478385?
5, 79, 373363
What are the prime factors of 101857359?
3, 33952453
List the prime factors of 4473186978.
2, 3, 13, 4411427
What are the prime factors of 157073932?
2, 179, 219377
List the prime factors of 767362726.
2, 13, 53, 556867
What are the prime factors of 162477151?
19, 1087, 7867
What are the prime factors of 894568856?
2, 59, 1895273
What are the prime factors of 167418596?
2, 41854649
What are the prime factors of 255316483?
2341, 109063
What are the prime factors of 4229953814?
2, 6073, 348259
List the prime factors of 87402136.
2, 71, 153877
What are the prime factors of 386877946?
2, 7, 13, 2125703
What are the prime factors of 300589136?
2, 18786821
What are the prime factors of 106880327?
43, 283, 8783
What are the prime factors of 391415497?
11, 17, 2093131
What are the prime factors of 1642799510?
2, 5, 11, 1657, 9013
List the prime factors of 42875115.
3, 5, 19, 150439
What are the prime factors of 35571427?
53, 671159
What are the prime factors of 156546155?
5, 31309231
List the prime factors of 346641373.
13, 17, 107, 137
List the prime factors of 165389487.
3, 3541, 15569
List the prime factors of 40102194.
2, 3, 11, 349, 1741
List the prime factors of 2697637384.
2, 13, 17, 1171, 1303
What are the prime factors of 38050501?
41, 307, 3023
List the prime factors of 118244816.
2, 67, 73, 1511
List the prime factors of 332503236.
2, 3,